of g(d)?
2
Suppose -n = -4*k + 226, 3*n + 4 = 5*n. List the prime factors of k.
3, 19
Let n be (0 - (-1 + 0))*3. Suppose 40 = a - 2*d, 161 = 2*a + n*a + 3*d. What are the prime factors of a?
2, 17
Let d(o) = -2*o**2 + 3*o - 2. Let g(p) = -3*p**2 + 5*p - 4. Let n(i) = 5*d(i) - 3*g(i). Let x be n(0). Suppose -50 = -x*z - 3*z. List the prime factors of z.
2, 5
Let o(n) = -n - 2. Let g be o(-2). Let w be (-60)/(-8)*(-2 - g). List the prime factors of (-18)/w*30/4.
3
Let o be 2/(-3)*3 + 2. Suppose o = -k + 6*k - 90. List the prime factors of k.
2, 3
Let f(c) = -c**3 + 6. Let d be f(0). List the prime factors of (-6)/9 - (-70)/d.
11
Suppose 4*r = -3*s - 23, 2*r + 30 = -5*s - 3*r. Let m = -9 - 3. Let j = s - m. List the prime factors of j.
11
Let c be 2*18 + 6/3. Let z = -24 + c. List the prime factors of z.
2, 7
Suppose -5*q + q = -36. Suppose -d - 6 = -q. What are the prime factors of d?
3
Let b be (2 + (-9)/12)*4. Suppose -12 - 18 = 5*o. Let p = b - o. List the prime factors of p.
11
Let h(r) = r**3 - r - 2. Let g be h(2). Suppose -g*p + 2*q - 6 = p, -4*p - 4*q - 16 = 0. What are the prime factors of (-6)/(-2) - p/(-2)?
2
Suppose w - 1 = -7. Let p be w*(2 - (-5)/(-2)). Suppose 0*j = p*j - 12. List the prime factors of j.
2
Suppose 4*x = 10 + 66. Let t = x + -14. What are the prime factors of t?
5
Let o = -6 + 7. Suppose 56 = 5*f + o. List the prime factors of f.
11
List the prime factors of (-2)/(-3)*996/8.
83
What are the prime factors of 1/(-4) + 1225/20?
61
Let u(p) be the first derivative of p**2 + 4*p - 3. List the prime factors of u(7).
2, 3
Suppose 3*o + 160 = 7*o. Let m = o + -25. What are the prime factors of m?
3, 5
Let c = 13 - 9. Let b(n) = 4*n + 8*n**3 - 2*n**2 + c*n**3 - 3*n. What are the prime factors of b(1)?
11
Suppose 0 = -6*o + 5*o + 7. Let p = o + -5. List the prime factors of -7*3/(-6)*p.
7
Let r(k) = k**2 + k. Let z be 3/(-3) + 2 + 0. Let j be r(z). What are the prime factors of ((-13)/(-2))/(j/4)?
13
Let v = 0 - -5. Suppose -5*c + v = -4*c. Suppose -16 - 14 = -c*t. What are the prime factors of t?
2, 3
Let x(v) = v**2 - 3*v + 4. Let t(j) = j**3 - 6*j**2 + 3*j - 6. Let k(y) = -y + 1. Let h(q) = -3*k(q) - t(q). Let n be h(6). List the prime factors of x(n).
2
Let y(a) = -5*a - 20. List the prime factors of y(-10).
2, 3, 5
Let b be 2 + -1 - (-2 + 1). Suppose k = -b*k. Suppose k = v - 5. List the prime factors of v.
5
Let p be (-2)/(-1) + (-6 - 1). Let f = p - -4. List the prime factors of 4 - (2 - (4 + f)).
5
Suppose -3*b = -4*f + 43, 4*b = -3*f - 2*f + 46. Let p be (3 + f/(-6))*-3. Let h = -1 - p. List the prime factors of h.
3
Let m(o) = -o**3 - 7*o**2 + 8 + 0*o + 15*o**2 + o - 2*o. Let u be m(8). Suppose u = -3*q + 13 - 1. What are the prime factors of q?
2
Let o(b) = -2*b - 10. Let t be o(-6). Suppose 0 = -l - 4*g + 35, 6*l - 84 = t*l - 2*g. List the prime factors of l.
19
Suppose -3*b = 46 + 5. Let z = 24 + b. What are the prime factors of z?
7
Let w(c) = -c**2 - 5*c - 6. Suppose -2*k - 16 = 2*k. Let y be w(k). What are the prime factors of 9 - (0/3 - y)?
7
Let g be (-2)/4 + (-6)/4. What are the prime factors of (-26)/(-7) - g/7?
2
Let d = 158 - 38. List the prime factors of d.
2, 3, 5
Suppose 5*w - 5*a = 2 - 32, -w + 24 = 5*a. List the prime factors of w/(-7) - (-388)/28.
2, 7
Let w = 5 + -10. Let k be 5 + (0 - -2) + 0. Let o = k - w. List the prime factors of o.
2, 3
Let y(p) = p**2 + 15*p - 3. Let i be y(-16). Suppose -2*z = -z - i. List the prime factors of z.
13
Suppose 0 = 4*g - 2*n, -4*g + 20 = -2*g + 4*n. Let b(j) = -2*j**2 - 8*j + 5 - j**g + 5*j**2 - j**2. List the prime factors of b(8).
5
Let g = 4 + 0. Let c(z) = 3 + g + z + 3. What are the prime factors of c(-5)?
5
Let q(p) = -p + 4. Let h = 7 + -7. Let k be q(h). Suppose -3*o + 58 = 5*y, k*y = 2*y + 10. What are the prime factors of o?
11
Let t(a) = a - 1. Let o(k) = 2*k - k + 2*k. Let p(w) = o(w) - t(w). List the prime factors of p(1).
3
Suppose -12*l + 1 = -11*l, -4*s - 3*l + 955 = 0. What are the prime factors of s?
2, 7, 17
Let n = 71 - 30. Let r = n - 20. List the prime factors of r.
3, 7
Let j be 1/2*(-2 - -2). Suppose 3*f + 0*f - 60 = j. List the prime factors of (-12)/(-8)*f/6.
5
Let r(s) = -s**3 - s**2 - s + 12. Let g be r(0). Suppose 3*f = g + 60. List the prime factors of f.
2, 3
Let m(c) = -c**2 - 6*c + 7. Let z be m(-7). Suppose 0*a = 4*a. Suppose v + a = 2*r - 2, z = -2*r - v + 6. What are the prime factors of r?
2
Suppose -163*b - 101 = -164*b. What are the prime factors of b?
101
Let f = -17 + 29. Suppose 4*m = f - 0, 91 = 5*k - 3*m. List the prime factors of k.
2, 5
Let d(z) = z - 8. Let k be (-1)/3 - (-2)/6. Let g be d(k). Let f = g + 23. What are the prime factors of f?
3, 5
Let i = 13 + 26. List the prime factors of i.
3, 13
Let i be ((-2)/6)/((-3)/54). Suppose -3*m + i*m + 3 = 0. Let v(g) = -9*g**3 + g**2 - 1. List the prime factors of v(m).
3
Let m be (-1 - -3)/4*8. Suppose 0 = 2*p + 4*g - 14, m*g - 1 = p - 2. List the prime factors of p.
5
Suppose -7*b + 3*b = -4, -u - b = -44. What are the prime factors of u?
43
List the prime factors of 866/12 + (-5)/30 + -4.
2, 17
Suppose 0 = -d + 4*v + 19, -v + 59 = 2*d + 21. Let i = -9 + d. List the prime factors of i.
2, 5
Let q(u) = -7*u + 11*u - 2*u + 2. What are the prime factors of q(3)?
2
Suppose 4*y - 5 = -l, 0 = -0*y + 2*y. Suppose 2*x + 3*x - 3*g - 60 = 0, -4*g = l*x - 60. What are the prime factors of x?
2, 3
Let w = -1 + 3. Let p = w + -1. List the prime factors of -2 - p/((-3)/30).
2
Suppose -16 = -a + 5*g + 4, -3*a - 4*g = 16. Suppose -2*x + 2 + 12 = a. What are the prime factors of x?
7
Suppose -4*z - 12 = 4. Let u be (-318)/(-18) + z/6. Suppose -m = -2 - 0, -t = 4*m - u. List the prime factors of t.
3
What are the prime factors of 4/(4/72*3)?
2, 3
What are the prime factors of 74 + (2 - 5)/1?
71
Let t(y) be the second derivative of -y**5/20 - 7*y**4/6 + 7*y**3/3 - 13*y**2/2 - 3*y. What are the prime factors of t(-15)?
2
Suppose 3 + 1 = 4*y - 4*q, y + 3*q = -3. Let j be (y/(-3) - 0) + 10. Let r = j - -5. List the prime factors of r.
3, 5
Let t be (30/4)/(2/4). Suppose 0*z - 3*z = -t. What are the prime factors of (z - 4)*(7 - 0)?
7
Let k(u) = 9*u - 4. Let a be k(-4). Let z = a - -67. List the prime factors of z.
3
Let m(t) = 13*t + 37. List the prime factors of m(21).
2, 5, 31
Suppose 0*v = -v + 28. What are the prime factors of v?
2, 7
Suppose 4*q - 5*q + 27 = 0. Suppose -8 = -r + 3*x, -q = -5*r + x + x. Suppose -5*o + 11 = p - 22, r*o + 2*p - 36 = 0. What are the prime factors of o?
2, 3
Suppose -20*j - 1572 = -26*j. List the prime factors of j.
2, 131
Suppose l + 42 = f, l - 256 + 76 = -5*f. Suppose -q - 3*c = 5 - f, 4*c + 96 = 3*q. List the prime factors of q.
2
Let y(k) = 38*k + 70. List the prime factors of y(8).
2, 11, 17
What are the prime factors of (-54)/(-5)*((-1040)/(-12))/13?
2, 3
Suppose 5*o = -u + 13, 3*o = -0*u + 5*u + 19. Suppose n = -o*n + 32. What are the prime factors of n?
2
Suppose 5*a = -s - 3*s + 137, 2*a - 101 = -3*s. Let y = 59 - s. What are the prime factors of y?
2, 13
Let p = 296 + -95. What are the prime factors of p?
3, 67
Let p be ((-10)/(-25))/((-1)/(-5)). What are the prime factors of (3 - 2)/(p/10)?
5
Suppose -5*w + 1401 = -o + 4*o, -1140 = -4*w + 4*o. List the prime factors of w.
2, 3, 47
Let x(g) = -g**2 - 7*g - 6. Let y be x(-4). Suppose 10 = -2*j, -y*j + j = r + 21. What are the prime factors of 1 - (r - 2) - -4?
3
Suppose 3*v - 25 = 5. Let z = v + 2. What are the prime factors of z?
2, 3
Suppose 3*v = -5*o - 385, 308 = -4*o + 3*v - 8*v. List the prime factors of 282/22 + (-14)/o.
13
Suppose -3*a = -27 - 0. List the prime factors of a.
3
List the prime factors of 1 - 5*(-1 + 34/(-10)).
23
Suppose 93 + 117 = 5*w. List the prime factors of w.
2, 3, 7
Suppose -2 = 3*f - 8. Let z(x) = 2 + 3*x**2 - f + 4*x. List the prime factors of z(-3).
3, 5
Let v(y) = y**2 + 13*y - 28. What are the prime factors of v(-16)?
2, 5
Let c = 26 - 38. What are the prime factors of (-104 + -2)*6/c?
53
Suppose -2*h + h = -85. What are the prime factors of h?
5, 17
Suppose 0 = -g - 5*g + 714. What are the prime factors of g?
7, 17
Let b be 2 - (-2 + 1 + 1). Suppose b*h - 1 = h. Suppose -r = h - 4. List the prime factors of r.
3
Suppose 0 = 5*z + 15, 0*n - 2*z + 78 = 3*n